e -141 - -152 - ((1 - 1) + -5 + 65).
-49
What is the value of -152 - -200 - (-1 - -1 - 4) - 12?
40
Calculate -4 + 137 - ((1921 - 1944) + (33 - -1)).
122
What is the value of -534 - -569 - (7 + 121)?
-93
Calculate -5 + -1 - (3 + 7 + -9 + -9).
2
What is the value of 20 + (-36 - 20 - -14)?
-22
Calculate 45 - (-18 - -1 - 13).
75
Evaluate 152 + 4 + 0 + (-5 - 14 - -11).
148
Evaluate -35 + 15 + -1 + 2 + -14 - (2 - -8).
-43
Evaluate -96 + 106 + 4 + -1 + (-4 - 2) + 18.
25
What is 166 - (-62 - -64) - 101?
63
Evaluate (-21 + 11 - -10) + (-81 - -57) - 69.
-93
What is (-9 - (3 + -26) - 22) + -20 + 15 + -19?
-32
What is -633 - -488 - (-193 - 24)?
72
What is 18 - (-23 - (-10 - (18 - (1 - -14))))?
28
What is (-10 - -15) + 101 + -128?
-22
What is the value of (-65 + 15 - -11) + 30?
-9
Evaluate (85 - (-34 + 76)) + -117.
-74
-5 + (35 - 73) + (14 - 1) + -16
-46
Evaluate -109 + (174 - 76) - (3 - 0 - -29).
-43
What is the value of (174 + 5 + -10 - (32 + -12)) + -17?
132
Evaluate 34 + -60 + -15 - -22.
-19
What is -7 + 16 + -1 + -4 + -5 + -4?
-5
Calculate 0 + (-14 - -9 - -4) + 13 + -26.
-14
Evaluate -58 - (-116 + (-27 - -75)).
10
What is the value of -35 + (16 - (-6 + 0)) + -17?
-30
Calculate (1 - 9 - 0) + (-1882 - -1932) + -15.
27
(85 - (89 - -51)) + 62
7
What is -69 + (25 + -72 - -170)?
54
What is the value of (1 - -11) + -62 + 2?
-48
(1 - -77) + 2 - (136 - 117)
61
30 + (8 + -5 - 6) + (-10 - (-19 - -13))
23
Calculate 1 + 2 - 36 - (20 - 0 - (-293 - -327)).
-19
What is (20 - -14) + -13 - 71 - -9?
-41
What is 57 + 7 + 0 + -2 + (49 - 48) + -10?
53
What is 2 + -109 - (-36 + -2 + -92 + 121)?
-98
What is the value of 102 + -54 + -24 + -68?
-44
Evaluate -13 - (4 + 10 + (8 - (-20 - -42))).
-13
Calculate 111 + 66 + -23 - 104.
50
What is the value of 25 + 14 + (-5 - (12 - (1 - 0)))?
23
What is the value of 77 - (25 - -57) - (14 - -36)?
-55
Evaluate 1 - (3 - 31) - 6 - (-95 + 4).
114
What is the value of 100 + -101 + (103 + 0 - -11)?
113
Calculate 23 - 0 - (28 + -30).
25
Evaluate -14 + 13 + (-10 - 2) + 681 + -592.
76
Evaluate 86 + (101 - 163) - -65.
89
(-18 - (-44 - (-42 + 14))) + -30
-32
2 + -7 - -23 - (-131 + 107)
42
1 + 0 - 11 - (-26 - -18 - (3 + -101))
-100
Evaluate 18 + -2 - ((4 - -2) + (80 - 44)).
-26
What is -64 - ((-67 - -63) + -31)?
-29
What is -18 - ((-4 - -12) + -19 + 24) - 13?
-44
Calculate (-240 + 46 - -136) + -27.
-85
What is the value of (10 - 10 - (53 - -2)) + (-376 - -393)?
-38
(-30 - (17 + 32) - 17) + -2 + 2
-96
Calculate (-8 - 10) + (158 - 167 - (5 + -142)).
110
29 + (-23 - -32) + -34 + 26
30
Evaluate -168 - (31 - 64) - (-37 + 14).
-112
-50 + 63 + -30 + 27
10
Calculate 138 + -120 + (29 + -1 - -7) + -14.
39
Evaluate -29 + -9 - 0 - -55.
17
Calculate 15 - 3 - (2 - -6) - (18 - 1).
-13
Evaluate 8 + -9 + (6 - 20) + -2 - -10.
-7
What is the value of (12 - 5 - 55) + -7 + (3 - 0)?
-52
7 - (98 - 70 - -7)
-28
What is the value of 30 - ((-3 - -16 - -10) + -12 + 1)?
18
What is -224 - -267 - (45 + -1 - 1)?
0
Calculate 27 - (-8 - (16 + 12 - 28)).
35
What is the value of -31 + 36 + 43 + 8 + -1 + (0 - 0)?
55
Calculate (27 + (-22 - -11) - (0 + 12)) + -4 + -19.
-19
What is 3 - (4 - (9 - 71)) - -16?
-47
What is the value of -4 - -1 - 10 - (942 + -919)?
-36
-1 + -10 + (-79 - -133) + -86
-43
Evaluate (-87 - (-436 - -296)) + (2 - (1 + 1 + 0)).
53
What is the value of (-1 - -31) + (9 - -22) + 14?
75
What is the value of (75 + 0 - 9) + 60 + -65?
61
What is -39 + (11 - 0) + (16 - 55) + 16?
-51
Calculate (33 - (69 + -119)) + -107.
-24
Evaluate (-23 - 0) + (29 - ((-18 - -14) + 26)).
-16
What is the value of 17 - (29 - (-10 - -54))?
32
What is the value of -50 + -14 + 95 - (1 + 95)?
-65
(-41 - (-35 + -6)) + 18
18
Evaluate 87 - ((4 - -190) + -30).
-77
Evaluate 158 + (-54 - 34) + -72.
-2
-16 + (0 + -32 + 77 - -1)
30
What is -11 - (47 + (-48 - 39))?
29
What is the value of 85 + (0 + -29 - (826 + -867))?
97
What is (-7 + -2 - -4) + (3 - 7) + 29?
20
2 - 64 - (-61 - -53 - 12)
-42
What is -59 + (-15 - (-13 + -45))?
-16
What is the value of -4 - -10 - (-43 - -49)?
0
(-201 - -162) + 18 + 84
63
Calculate -27 + -23 + -31 + 48 + -32.
-65
Calculate -5 + (5 - -31) - (429 - 411).
13
Calculate (1 + 13 + -14 - 7 - -23) + -11.
5
Evaluate -5 + 5 + -21 - -7 - -13.
-1
What is 11 + (2 + 8 - 24 - -105)?
102
Calculate 38 + (9 - 50 - -55).
52
What is the value of 16 - (5 + (-2 - -19)) - (-9 - 3)?
6
Calculate (-2 + 46 - (203 + -190)) + -8.
23
What is (-2 - 39) + (-1299 - -1278)?
-62
What is the value of 80 - (40 - (9 + -128))?
-79
Evaluate 22 + (-165 - -25 - -72) + (0 - -1) + 10.
-35
What is the value of 3 + (-23 - (29 - 20 - 6 - -2))?
-25
Calculate (39 - -19 - 96) + 128.
90
Calculate 8 + 28 + 9 + 0 + 29 + -37 + -13.
24
Calculate (64 - (-29 - -43)) + -61.
-11
Evaluate (0 - 1 - 5) + (-2 - (45 + (-17 - 18))).
-18
-28 + -12 + 0 + 13 + 7 + -12
-32
What is the value of 1 - 21 - (35 - (25 - 65 - -86))?
-9
What is the value of -1 - (2 + -2) - -1 - (-3010 - -2966)?
44
What is the value of 1 + -29 - (16 - (45 + -30) - 9)?
-20
53 + (25 + -9 + -10 + -12 + -2 - 2)
43
Calculate (-20 - ((-6 - 65) + 18)) + 2.
35
11 + -1 - (5919 + -5979 + (90 - 0))
-20
What is the value of 80 + 0 + (551 - 664)?
-33
What is 3 + 1 + 2 - ((4 - (1 - 17)) + -21)?
7
What is -16 + (28 - -1) + -38?
-25
What is the value of 14 - ((-3 - 1 - -2) + 4 + -101 + 97)?
16
What is (25 - (13 - -11)) + -23 + 12?
-10
Calculate (-6 - -2 - (-5 + 37)) + -3 + (482 - 472).
-29
What is 0 - 17 - (5022 + -4938)?
-101
What is the value of -37 - (8 - -4 - (-46 + 56))?
-39
Calculate 2024 + -2001 + (-2 + 2 - 21) - -131.
133
Evaluate 1 - -13 - (-12 + (15 - 7)).
18
Calculate (-1 - -1) + (11 - 20) - (-169 + 181).
-21
Evaluate -39 + 42 + (-23 - 1) - -2.
-19
-25 + (12 - 23) + 60
24
What is (0 - (107 + -78)) + 31?
2
Evaluate 15 + -26 + 68 + -8 + 3 + -1.
51
What is (1 + -10 - 2) + (-34 - (-7 - 33)) - 57?
-62
Evaluate -25 + 84 + 27 - 150.
-64
What is (55 + -58 - 0) + 53 + 0 + -2 + 1?
49
Evaluate -26 + 17 + 17 + (3 - 2 - 30) + -5.
-26
What is the value of (86 - (35 + (-22 - (8 + -12)))) + -11?
58
Evaluate 1018 + -927 + (-1 - 23).
67
Calculate 195 + -182 + ((4 - 0) + -8 - 35).
-26
What is 2 + -25 + 43 + (71 - 123)?
-32
Calculate 14 + (4 - (-13 + (11 - 4))) + (-16 - 72).
-64
Evaluate -22 + (-18 - 0) + -3.
-43
Evaluate 9 + 4 + (-7 + 1 - (187 - 138)).
-42
Evaluate 9 + -19 - (-32 + (-2 - -2) + -7).
29
Calculate -17 - (8 - 45) - 18.
2
Calculate (8 - (23 + -16)) + (-3 - (-1 + -2)).
1
-21 - (16 - ((17 - 37) + 34))
-23
(25 + 18 + -34 - -30 - 3) + -3
33
Evaluate (-3 - (-11 + 4)) + 1377 + -1440.
-59
8 + (-7 - -1 - ((28 - (-6 - -57)) + -46))
71
What is the value of -12 + (26 + (-42 - 5) - (12 - 0))?
-45
Calculate 108 + -7 + (-46 - (-17 + -8)).
80
(-6 - ((3 - -7) + -12 - -4)) + 46
38
Evaluate -62 + (58 - 25) + -15.
-44
Calculate 55 - ((-47 - -29) + 24).
49
What is -9 + (-8 - -23) - (-4 - -11) - (30 + -96)?
65
What is 9 - (11 - 9) - -51?
58
(-32 - -29 - (8 - 52 - (1 + -4))) + -8
30
-41 + (-18 - 0) + (70 - (33 + 12))
-34
Calculate (16 - 11) + 12 - (10 - -52).
-45
What is (-9 + -5 - -8) + 35 + (-15 - -12)?
26
(-11 - 38 - (-2 - 0)) + 119 + -105
-33
What is the value of -21 + -15 - ((7 - 4) + 5 - 6)?
-38
Calculate 39 + 43 + (11 - 7 - 17) + -14.
55
What is the value of 89 + (-1 + 0 + 1 + -17 - (32293 + -32306))?
85
Evaluate 1 + -6 + -19481 + 19390.
-96
What is (-7 + -1 - (71 - (42 - (36 + -18)))) + 4?
-51
2 + 5 + -6 + -35 + 20 + -22
-36
What is the value of 71 + (-11 - -7) + -5 - (16 - 2)?
48
What is the value of -79 + -78 + -50 + 93?
-114
What is the value of -18 + 3 + -28 + 28 - (-2 + 9)?
-22
What is the value of 54 + 13 - (112 + 16)?
-61
-29 - -10 - (-412 + 506)
-113
What is the value of 0 + -5 + 17 - (0 - -1) - (655 + -619)?
-25
What is -6 - (53 + 15 + -68 - (-32 - (2 + -1)))?
-39
Calculate 10 - ((-22 - -58) + -37).
11
Calculate (-15 - -131) + (51 - (43 + 47)).
77
Calculate -40 + (24 - (20 + 42)).
-78
What is the value of 56 - 213 - ((19 - 14) + -42)?
-120
69 - (171 + -154 - (-2 - (-8 + 2)))
56
35 + -5 + -10 + -16 - (10 + (-33 - -7))
20
Calculate 1 + 0 + 1 + 11274 + -11268.
8
What is 68 + -16 + 9 + -4 + -7 + 1 + 6?
57
What is -4 + (-2 - (3 - 0)) + (-9 - -17) - 27?
-28
84 - (-73 + 171 - 110)
96
What is 21 + -31 + -18 + 7 + 43?
22
53 + -21 - (37 + -28) - 83
-60
22 + (9 - 16) + (-2 - (-8 + 1))
20
Ev